{"id":181,"date":"2020-08-18T10:55:16","date_gmt":"2020-08-18T10:55:16","guid":{"rendered":"http:\/\/medienzentrum-oberhausen.de\/?page_id=181"},"modified":"2021-07-06T09:07:46","modified_gmt":"2021-07-06T09:07:46","slug":"endgeraete","status":"publish","type":"page","link":"https:\/\/medienzentrum-oberhausen.de\/?page_id=181","title":{"rendered":"Endger\u00e4te"},"content":{"rendered":"\n<p class=\"has-small-font-size\">Bitte vereinbaren Sie einen Termin:<br><strong><a rel=\"noreferrer noopener\" aria-label=\"poststelle@medienzentrum-oberhausen.de (\u00f6ffnet in neuem Tab)\" href=\"mailto:poststelle@medienzentrum-oberhausen.de\" target=\"_blank\">poststelle@medienzentrum-oberhausen.de<\/a><\/strong><\/p>\n\n\n\n<p>Ansichtsexemplare der Endger\u00e4te f\u00fcr Lehrer und Sch\u00fcler k\u00f6nnen nach Terminabsprache angesehen werden!<\/p>\n\n\n\n<ol class=\"wp-block-list\"><li>iPad 2019, 10,2 Zoll, 32 GB mit Apple&nbsp;Pencil (1.&nbsp;Generation)<br><a rel=\"noreferrer noopener\" href=\"https:\/\/www.apple.com\/de\/ipad-10.2\/specs\/\" target=\"_blank\">Sepzifikationen<\/a><\/li><li>Acer TravelMate B311RN-31<br>Convertible mit Tastatur, Stift und Touch-Bedienung<br><a rel=\"noreferrer noopener\" href=\"https:\/\/www.acer.com\/ac\/de\/CH\/content\/professional-model\/NX.VN1EZ.002\" target=\"_blank\">Spezifikationen<\/a><\/li><\/ol>\n\n\n\n<figure class=\"wp-block-gallery columns-3 is-cropped wp-block-gallery-1 is-layout-flex wp-block-gallery-is-layout-flex\"><ul class=\"blocks-gallery-grid\"><li class=\"blocks-gallery-item\"><figure><img loading=\"lazy\" decoding=\"async\" width=\"1024\" height=\"768\" src=\"https:\/\/medienzentrum-oberhausen.de\/wp-content\/uploads\/2020\/08\/Tablets_001-1024x768.jpg\" alt=\"\" data-id=\"185\" data-full-url=\"https:\/\/medienzentrum-oberhausen.de\/wp-content\/uploads\/2020\/08\/Tablets_001-scaled.jpg\" data-link=\"https:\/\/medienzentrum-oberhausen.de\/?attachment_id=185\" class=\"wp-image-185\" srcset=\"https:\/\/medienzentrum-oberhausen.de\/wp-content\/uploads\/2020\/08\/Tablets_001-1024x768.jpg 1024w, https:\/\/medienzentrum-oberhausen.de\/wp-content\/uploads\/2020\/08\/Tablets_001-300x225.jpg 300w, https:\/\/medienzentrum-oberhausen.de\/wp-content\/uploads\/2020\/08\/Tablets_001-768x576.jpg 768w, https:\/\/medienzentrum-oberhausen.de\/wp-content\/uploads\/2020\/08\/Tablets_001-1536x1152.jpg 1536w, https:\/\/medienzentrum-oberhausen.de\/wp-content\/uploads\/2020\/08\/Tablets_001-2048x1536.jpg 2048w\" sizes=\"auto, (max-width: 1024px) 100vw, 1024px\" \/><\/figure><\/li><li class=\"blocks-gallery-item\"><figure><img loading=\"lazy\" decoding=\"async\" width=\"1024\" height=\"768\" src=\"https:\/\/medienzentrum-oberhausen.de\/wp-content\/uploads\/2020\/08\/Tablets_002-1024x768.jpg\" alt=\"\" data-id=\"186\" data-full-url=\"https:\/\/medienzentrum-oberhausen.de\/wp-content\/uploads\/2020\/08\/Tablets_002-scaled.jpg\" data-link=\"https:\/\/medienzentrum-oberhausen.de\/?attachment_id=186\" class=\"wp-image-186\" srcset=\"https:\/\/medienzentrum-oberhausen.de\/wp-content\/uploads\/2020\/08\/Tablets_002-1024x768.jpg 1024w, https:\/\/medienzentrum-oberhausen.de\/wp-content\/uploads\/2020\/08\/Tablets_002-300x225.jpg 300w, https:\/\/medienzentrum-oberhausen.de\/wp-content\/uploads\/2020\/08\/Tablets_002-768x576.jpg 768w, https:\/\/medienzentrum-oberhausen.de\/wp-content\/uploads\/2020\/08\/Tablets_002-1536x1152.jpg 1536w, https:\/\/medienzentrum-oberhausen.de\/wp-content\/uploads\/2020\/08\/Tablets_002-2048x1536.jpg 2048w\" sizes=\"auto, (max-width: 1024px) 100vw, 1024px\" \/><\/figure><\/li><li class=\"blocks-gallery-item\"><figure><img loading=\"lazy\" decoding=\"async\" width=\"1024\" height=\"768\" src=\"https:\/\/medienzentrum-oberhausen.de\/wp-content\/uploads\/2020\/08\/Tablets_003-1024x768.jpg\" alt=\"\" data-id=\"187\" data-full-url=\"https:\/\/medienzentrum-oberhausen.de\/wp-content\/uploads\/2020\/08\/Tablets_003-scaled.jpg\" data-link=\"https:\/\/medienzentrum-oberhausen.de\/?attachment_id=187\" class=\"wp-image-187\" srcset=\"https:\/\/medienzentrum-oberhausen.de\/wp-content\/uploads\/2020\/08\/Tablets_003-1024x768.jpg 1024w, https:\/\/medienzentrum-oberhausen.de\/wp-content\/uploads\/2020\/08\/Tablets_003-300x225.jpg 300w, https:\/\/medienzentrum-oberhausen.de\/wp-content\/uploads\/2020\/08\/Tablets_003-768x576.jpg 768w, https:\/\/medienzentrum-oberhausen.de\/wp-content\/uploads\/2020\/08\/Tablets_003-1536x1152.jpg 1536w, https:\/\/medienzentrum-oberhausen.de\/wp-content\/uploads\/2020\/08\/Tablets_003-2048x1536.jpg 2048w\" sizes=\"auto, (max-width: 1024px) 100vw, 1024px\" \/><\/figure><\/li><li class=\"blocks-gallery-item\"><figure><img loading=\"lazy\" decoding=\"async\" width=\"1024\" height=\"768\" src=\"https:\/\/medienzentrum-oberhausen.de\/wp-content\/uploads\/2020\/08\/Tablets_004-1024x768.jpg\" alt=\"\" data-id=\"189\" data-full-url=\"https:\/\/medienzentrum-oberhausen.de\/wp-content\/uploads\/2020\/08\/Tablets_004-scaled.jpg\" data-link=\"https:\/\/medienzentrum-oberhausen.de\/?attachment_id=189\" class=\"wp-image-189\" srcset=\"https:\/\/medienzentrum-oberhausen.de\/wp-content\/uploads\/2020\/08\/Tablets_004-1024x768.jpg 1024w, https:\/\/medienzentrum-oberhausen.de\/wp-content\/uploads\/2020\/08\/Tablets_004-300x225.jpg 300w, https:\/\/medienzentrum-oberhausen.de\/wp-content\/uploads\/2020\/08\/Tablets_004-768x576.jpg 768w, https:\/\/medienzentrum-oberhausen.de\/wp-content\/uploads\/2020\/08\/Tablets_004-1536x1152.jpg 1536w, https:\/\/medienzentrum-oberhausen.de\/wp-content\/uploads\/2020\/08\/Tablets_004-2048x1536.jpg 2048w\" sizes=\"auto, (max-width: 1024px) 100vw, 1024px\" \/><\/figure><\/li><li class=\"blocks-gallery-item\"><figure><img loading=\"lazy\" decoding=\"async\" width=\"1024\" height=\"768\" src=\"https:\/\/medienzentrum-oberhausen.de\/wp-content\/uploads\/2020\/08\/Tablets_005-1024x768.jpg\" alt=\"\" data-id=\"190\" data-full-url=\"https:\/\/medienzentrum-oberhausen.de\/wp-content\/uploads\/2020\/08\/Tablets_005-scaled.jpg\" data-link=\"https:\/\/medienzentrum-oberhausen.de\/?attachment_id=190\" class=\"wp-image-190\" srcset=\"https:\/\/medienzentrum-oberhausen.de\/wp-content\/uploads\/2020\/08\/Tablets_005-1024x768.jpg 1024w, https:\/\/medienzentrum-oberhausen.de\/wp-content\/uploads\/2020\/08\/Tablets_005-300x225.jpg 300w, https:\/\/medienzentrum-oberhausen.de\/wp-content\/uploads\/2020\/08\/Tablets_005-768x576.jpg 768w, https:\/\/medienzentrum-oberhausen.de\/wp-content\/uploads\/2020\/08\/Tablets_005-1536x1152.jpg 1536w, https:\/\/medienzentrum-oberhausen.de\/wp-content\/uploads\/2020\/08\/Tablets_005-2048x1536.jpg 2048w\" sizes=\"auto, (max-width: 1024px) 100vw, 1024px\" \/><\/figure><\/li><li class=\"blocks-gallery-item\"><figure><img loading=\"lazy\" decoding=\"async\" width=\"1024\" height=\"768\" src=\"https:\/\/medienzentrum-oberhausen.de\/wp-content\/uploads\/2020\/08\/Tablets_006-1024x768.jpg\" alt=\"\" data-id=\"191\" data-full-url=\"https:\/\/medienzentrum-oberhausen.de\/wp-content\/uploads\/2020\/08\/Tablets_006-scaled.jpg\" data-link=\"https:\/\/medienzentrum-oberhausen.de\/?attachment_id=191\" class=\"wp-image-191\" srcset=\"https:\/\/medienzentrum-oberhausen.de\/wp-content\/uploads\/2020\/08\/Tablets_006-1024x768.jpg 1024w, https:\/\/medienzentrum-oberhausen.de\/wp-content\/uploads\/2020\/08\/Tablets_006-300x225.jpg 300w, https:\/\/medienzentrum-oberhausen.de\/wp-content\/uploads\/2020\/08\/Tablets_006-768x576.jpg 768w, https:\/\/medienzentrum-oberhausen.de\/wp-content\/uploads\/2020\/08\/Tablets_006-1536x1152.jpg 1536w, https:\/\/medienzentrum-oberhausen.de\/wp-content\/uploads\/2020\/08\/Tablets_006-2048x1536.jpg 2048w\" sizes=\"auto, (max-width: 1024px) 100vw, 1024px\" \/><\/figure><\/li><li class=\"blocks-gallery-item\"><figure><img loading=\"lazy\" decoding=\"async\" width=\"1024\" height=\"768\" src=\"https:\/\/medienzentrum-oberhausen.de\/wp-content\/uploads\/2020\/08\/Tablets_007-1024x768.jpg\" alt=\"\" data-id=\"192\" data-full-url=\"https:\/\/medienzentrum-oberhausen.de\/wp-content\/uploads\/2020\/08\/Tablets_007-scaled.jpg\" data-link=\"https:\/\/medienzentrum-oberhausen.de\/?attachment_id=192\" class=\"wp-image-192\" srcset=\"https:\/\/medienzentrum-oberhausen.de\/wp-content\/uploads\/2020\/08\/Tablets_007-1024x768.jpg 1024w, https:\/\/medienzentrum-oberhausen.de\/wp-content\/uploads\/2020\/08\/Tablets_007-300x225.jpg 300w, https:\/\/medienzentrum-oberhausen.de\/wp-content\/uploads\/2020\/08\/Tablets_007-768x576.jpg 768w, https:\/\/medienzentrum-oberhausen.de\/wp-content\/uploads\/2020\/08\/Tablets_007-1536x1152.jpg 1536w, https:\/\/medienzentrum-oberhausen.de\/wp-content\/uploads\/2020\/08\/Tablets_007-2048x1536.jpg 2048w\" sizes=\"auto, (max-width: 1024px) 100vw, 1024px\" \/><\/figure><\/li><li class=\"blocks-gallery-item\"><figure><img loading=\"lazy\" decoding=\"async\" width=\"1024\" height=\"768\" src=\"https:\/\/medienzentrum-oberhausen.de\/wp-content\/uploads\/2020\/08\/Tablets_008-1024x768.jpg\" alt=\"\" data-id=\"193\" data-full-url=\"https:\/\/medienzentrum-oberhausen.de\/wp-content\/uploads\/2020\/08\/Tablets_008-scaled.jpg\" data-link=\"https:\/\/medienzentrum-oberhausen.de\/?attachment_id=193\" class=\"wp-image-193\" srcset=\"https:\/\/medienzentrum-oberhausen.de\/wp-content\/uploads\/2020\/08\/Tablets_008-1024x768.jpg 1024w, https:\/\/medienzentrum-oberhausen.de\/wp-content\/uploads\/2020\/08\/Tablets_008-300x225.jpg 300w, https:\/\/medienzentrum-oberhausen.de\/wp-content\/uploads\/2020\/08\/Tablets_008-768x576.jpg 768w, https:\/\/medienzentrum-oberhausen.de\/wp-content\/uploads\/2020\/08\/Tablets_008-1536x1152.jpg 1536w, https:\/\/medienzentrum-oberhausen.de\/wp-content\/uploads\/2020\/08\/Tablets_008-2048x1536.jpg 2048w\" sizes=\"auto, (max-width: 1024px) 100vw, 1024px\" \/><\/figure><\/li><\/ul><figcaption class=\"blocks-gallery-caption\">neue Endger\u00e4te<\/figcaption><\/figure>\n\n\n\n<p class=\"has-medium-font-size\"><a href=\"http:\/\/medienzentrum-oberhausen.de\/wp-content\/uploads\/2020\/09\/Medieneinsatz-und-Distanzlernen.pptx\" target=\"_blank\" rel=\"noreferrer noopener\">Medieneinsatz und Distanzlernen<\/a> pptx<\/p>\n\n\n\n<p class=\"has-medium-font-size\"><a href=\"http:\/\/medienzentrum-oberhausen.de\/wp-content\/uploads\/2020\/09\/Medieneinsatz-und-Distanzlernen.pdf\" target=\"_blank\" rel=\"noreferrer noopener\">Medieneinsatz und Distanzlernen<\/a> pdf<\/p>\n","protected":false},"excerpt":{"rendered":"<p>Bitte vereinbaren Sie einen Termin:poststelle@medienzentrum-oberhausen.de Ansichtsexemplare der Endger\u00e4te f\u00fcr Lehrer und Sch\u00fcler k\u00f6nnen nach Terminabsprache angesehen werden! iPad 2019, 10,2 Zoll, 32 GB mit Apple&nbsp;Pencil (1.&nbsp;Generation)Sepzifikationen Acer TravelMate B311RN-31Convertible mit Tastatur, Stift und Touch-BedienungSpezifikationen Medieneinsatz und Distanzlernen pptx Medieneinsatz und Distanzlernen pdf<\/p>\n","protected":false},"author":1,"featured_media":0,"parent":4,"menu_order":3,"comment_status":"closed","ping_status":"closed","template":"","meta":{"footnotes":""},"class_list":["post-181","page","type-page","status-publish","hentry"],"_links":{"self":[{"href":"https:\/\/medienzentrum-oberhausen.de\/index.php?rest_route=\/wp\/v2\/pages\/181","targetHints":{"allow":["GET"]}}],"collection":[{"href":"https:\/\/medienzentrum-oberhausen.de\/index.php?rest_route=\/wp\/v2\/pages"}],"about":[{"href":"https:\/\/medienzentrum-oberhausen.de\/index.php?rest_route=\/wp\/v2\/types\/page"}],"author":[{"embeddable":true,"href":"https:\/\/medienzentrum-oberhausen.de\/index.php?rest_route=\/wp\/v2\/users\/1"}],"replies":[{"embeddable":true,"href":"https:\/\/medienzentrum-oberhausen.de\/index.php?rest_route=%2Fwp%2Fv2%2Fcomments&post=181"}],"version-history":[{"count":11,"href":"https:\/\/medienzentrum-oberhausen.de\/index.php?rest_route=\/wp\/v2\/pages\/181\/revisions"}],"predecessor-version":[{"id":248,"href":"https:\/\/medienzentrum-oberhausen.de\/index.php?rest_route=\/wp\/v2\/pages\/181\/revisions\/248"}],"up":[{"embeddable":true,"href":"https:\/\/medienzentrum-oberhausen.de\/index.php?rest_route=\/wp\/v2\/pages\/4"}],"wp:attachment":[{"href":"https:\/\/medienzentrum-oberhausen.de\/index.php?rest_route=%2Fwp%2Fv2%2Fmedia&parent=181"}],"curies":[{"name":"wp","href":"https:\/\/api.w.org\/{rel}","templated":true}]}}